t d(v) = 4*v**2 - 10. Calculate d(6).
134
Let m(c) = 20*c**2 - 124*c + 17. Give m(6).
-7
Let n(t) = 52*t**2 - t + 6. What is n(-1)?
59
Let m(q) = 15*q**2 + 358*q - 66. What is m(-24)?
-18
Let w(c) = c - 674. What is w(22)?
-652
Let s(p) = p**2 + 18*p + 33. Determine s(-13).
-32
Let n(i) = -i**3 - 143*i**2 + 888*i + 16. Determine n(6).
-20
Let p(f) = -f**3 - 26*f**2 - 121*f + 4. Determine p(-20).
24
Let m(c) = -11*c + 112. Determine m(7).
35
Let z(h) = -10*h + 60. Give z(2).
40
Let g(q) = -24*q**3 + 2*q**2 + 14*q + 11. Give g(-1).
23
Let p(b) = -9*b**2 + 604*b + 561. Give p(68).
17
Let k(m) = -27*m**2 - 34*m - 37. What is k(-1)?
-30
Let d(b) = 6*b + 34. Calculate d(19).
148
Let a(y) = y**2 - 51*y + 281. What is a(7)?
-27
Let n(w) = 28*w + 118. Give n(-4).
6
Let u(f) = 16*f + 254. Determine u(-19).
-50
Let b(n) = 55*n + 2101. Calculate b(-38).
11
Let z(b) = -337*b - 11460. Calculate z(-34).
-2
Let p(i) = -139*i - 143. Determine p(-1).
-4
Let y(t) = 63*t - 543. Give y(7).
-102
Let o(h) = h**3 - 15*h**2 + 14*h - 16. What is o(14)?
-16
Let h(q) = 398*q + 3970. What is h(-10)?
-10
Let n(a) = -a**3 - 23*a**2 + 138*a - 50. Calculate n(-28).
6
Let x(p) = -16*p**3 + 4*p**2 - 12*p. What is x(-3)?
504
Let z(s) = -s**2 - 35*s + 212. Determine z(-39).
56
Let x(o) = -o**3 - 118*o**2 + 365*o + 203. Determine x(-121).
-39
Let a(s) = s**3 + 70*s**2 + 737*s - 231. Calculate a(-57).
-3
Let h(t) = -12*t - 294. Give h(-26).
18
Let x(j) = 13*j**3 - j**2 + 2*j + 3. Determine x(2).
107
Let r(l) = 4*l**2 - 80*l - 64. Give r(16).
-320
Let a(v) = -v**3 + 40*v**2 - 35*v + 1394. Calculate a(40).
-6
Let m(w) = -w**3 - 8*w**2 - 18*w - 12. Calculate m(-7).
65
Let r(j) = -131*j + 2089. Give r(16).
-7
Let s(k) = 17*k - 1202. Calculate s(70).
-12
Let f(m) = 59*m - 715. Give f(14).
111
Let i(w) = 238*w - 10002. Determine i(42).
-6
Let f(j) = -124*j + 8935. Calculate f(72).
7
Let i(g) = 2*g**3 + 36*g**2 - 6*g - 92. Give i(-18).
16
Let f(o) = 39*o - 1446. What is f(37)?
-3
Let r(w) = -7*w**3 - 2*w**2 - 11*w - 12. What is r(-3)?
192
Let t(g) = -g**2 - 29*g + 124. Give t(-33).
-8
Let w(o) = 5*o**2 + 19*o + 87. Calculate w(-4).
91
Let s(y) = -y**3 - 280*y**2 - 216*y + 17591. Calculate s(-279).
14
Let v(b) = -3026*b + 23. What is v(0)?
23
Let g(j) = 17*j**2 + 13*j - 5. Give g(4).
319
Let k(z) = -3*z**2 - 453*z + 3277. What is k(7)?
-41
Let r(x) = -119*x - 4648. Calculate r(-39).
-7
Let n(d) = 2*d**3 - 6*d**2 - 8*d - 13. Calculate n(4).
-13
Let g(m) = 41*m - 826. What is g(20)?
-6
Let q(h) = 244*h - 27093. Give q(111).
-9
Let p(i) = -2*i**3 + 13*i**2 - 19*i + 61. What is p(6)?
-17
Let g(d) = 59*d + 583. Give g(-10).
-7
Let l(g) = g**3 + 6*g**2 - 17*g - 329. Calculate l(6).
1
Let f(m) = -2*m**3 - 40*m**2 - 59*m + 20. Calculate f(-18).
-214
Let r(f) = 5811*f - 34871. Calculate r(6).
-5
Let p(r) = -8*r**2 - 11*r + 19. What is p(-3)?
-20
Let j(t) = -t**2 + 15*t - 50. Determine j(10).
0
Let p(s) = -3*s**3 + 38*s**2 + 5*s - 41. What is p(12)?
307
Let g(s) = 1179*s + 1142. What is g(-1)?
-37
Let b(m) = 20*m + 332. Give b(-15).
32
Let d(x) = -x**3 + 9*x**2 - 102*x + 406. Give d(5).
-4
Let p(z) = -12*z - 139. Determine p(-39).
329
Let g(t) = t**3 - 7*t**2 - 36*t + 303. Calculate g(9).
141
Let n(z) = 107*z - 4. Calculate n(0).
-4
Let x(l) = -l**3 - 31*l**2 - 975*l - 32227. Give x(-32).
-3
Let p(o) = -2*o**3 - 12*o - 15. Give p(-2).
25
Let p(i) = i**3 + 14*i**2 - 8*i - 376. What is p(-12)?
8
Let b(m) = -19*m - 333. What is b(-39)?
408
Let g(a) = 160*a - 182. What is g(2)?
138
Let v(o) = -22*o - 76. What is v(-3)?
-10
Let s(n) = -166*n + 9421. What is s(57)?
-41
Let r(k) = -132*k - 639. Give r(-6).
153
Let r(z) = 47*z**2 + 148*z + 16. What is r(-3)?
-5
Let d(w) = w**3 + 16*w**2 + 17*w + 281. What is d(-16)?
9
Let p(s) = -11*s**3 + s**2 + 10*s + 9. Determine p(-1).
11
Let p(s) = s**2 + 9*s - 34. Determine p(-5).
-54
Let m(r) = -11*r + 160. Give m(17).
-27
Let n(x) = -4*x**3 + 2*x**2 - 121*x - 1. Give n(0).
-1
Let c(d) = d**3 + 8*d**2 - 36*d - 152. Determine c(-12).
-296
Let o(h) = 59763*h - 358586. Calculate o(6).
-8
Let u(t) = -30*t + 193. Give u(17).
-317
Let f(m) = 270*m**2 - 794*m - 47. Determine f(3).
1
Let s(k) = -k**3 + 10*k**2 + 30*k - 142. Give s(12).
-70
Let f(c) = -c**2 + 74*c - 478. Give f(7).
-9
Let x(s) = -s**3 + 25*s**2 + 73*s + 57. Determine x(28).
-251
Let o(v) = -837*v + 9210. Determine o(11).
3
Let u(x) = 8*x**3 - 13*x - 8. Calculate u(-2).
-46
Let w(n) = 5*n**2 - 58*n - 17. Give w(12).
7
Let c(x) = x**3 - 2*x**2 - 17*x - 38. Determine c(-7).
-360
Let m(u) = -2*u**2 - 19*u + 26. Calculate m(-12).
-34
Let b(u) = -u**3 + 35*u**2 + 88*u - 3069. Calculate b(35).
11
Let m(g) = g**3 - 13*g**2 - 196*g - 53. Determine m(22).
-9
Let i(x) = 2*x**2 + 89*x + 214. Determine i(-42).
4
Let g(u) = -262*u + 8. Calculate g(0).
8
Let y(b) = 104*b - 1067. Give y(9).
-131
Let i(u) = -u**3 - 117*u**2 - 450*u + 229. What is i(-113)?
3
Let t(n) = n**3 + 11*n**2 + 9*n - 5. Determine t(-10).
5
Let a(k) = -84*k - 166. What is a(-2)?
2
Let q(b) = -2556*b - 2547. Calculate q(-1).
9
Let p(x) = 615*x + 3197. What is p(-5)?
122
Let w(d) = 24*d + 23. What is w(0)?
23
Let s(i) = -57*i**3 - 2*i**2 + 1. Determine s(-1).
56
Let y(z) = -2*z**3 + 24*z**2 + 152*z - 1819. Calculate y(12).
5
Let k(p) = p**2 + 67*p + 394. What is k(-7)?
-26
Let r(q) = -3*q**2 - 3*q + 380. Calculate r(11).
-16
Let x(n) = -5*n**2 + 110*n + 1840. Give x(-13).
-435
Let k(o) = 2*o**2 - 40*o - 222. Determine k(24).
-30
Let j(a) = 5*a**2 + 66*a + 33. What is j(-10)?
-127
Let z(a) = a**3 - 12*a**2 - a + 8. Determine z(0).
8
Let u(v) = 2*v**3 + 121*v**2 + 747*v - 10. Calculate u(-7).
4
Let i(z) = 5*z**2 + 53*z + 72. Calculate i(-14).
310
Let p(c) = -2*c**3 + 61*c**2 + 29*c + 71. Determine p(31).
9
Let d(r) = 7*r**2 + 131*r - 47. Calculate d(-19).
-9
Let h(s) = -2*s**2 - 232*s - 5992. Determine h(-39).
14
Let w(a) = 17*a + 117. What is w(-6)?
15
Let x(l) = -71*l**2 + 10*l - 68. Determine x(3).
-677
Let n(y) = y**2 - 34*y + 132. Calculate n(28).
-36
Let g(m) = 2*m**2 - 12*m - 197. What is g(-11)?
177
Let u(y) = -y**3 - 11*y**2 + 158*y + 1753. Calculate u(-11).
15
Let m(w) = w**3 + 85*w**2 - 78*w - 217. Determine m(-86).
-905
Let p(w) = w**3 - 3*w**2 - 41*w + 149. Give p(4).
1
Let v(s) = s**2 - 64*s - 20557. Determine v(179).
28
Let x(q) = 3*q**2 + q - 36. Calculate x(-12).
384
Let i(v) = -v**2 - 71*v + 66. Determine i(-72).
-6
Let c(l) = -162*l + 1440. Give c(9).
-18
Let m(i) = 14*i + 234. Give m(-19).
-32
Let q(j) = -6*j**2 + 35*j - 273. Determine q(8).
-377
Let b(o) = o**3 - 9*o**2 + 8*o + 11. Give b(5).
-49
Let b(n) = -15*n - 1844. Give b(-60).
-944
Let y(z) = -54*z - 44. Determine y(-5).
226
Let q(p) = -3*p**2 + 215*p + 3607. Determine q(-14).
9
Let w(o) = -o**2 - 22*o + 50. What is w(5)?
-85
Let x(j) = -11*j**2 - 87*j. Give x(-8).
-8
Let h(b) = 2*b**2 - 26*b + 142. Give h(7).
58
Let j(s) = 36*s**2 - 611*s - 40. Determine j(17).
-23
Let k(a) = -6*a**3 + 24*a**2 + 6*a + 19. Determine k(5).
-101
Let b(x) = -10*x**3 - 39*x**2 + 9*x + 17. What is b(-4)?
-3
Let q(t) = -4*t**2 + 58*t - 36. Give q(14).
-8
Let d(o) = 11*o - 26. What is d(13)?
117
Let g(h) = h**3 + 28*h**2 + 43*h + 957. Calculate g(-28).
-247
Let r(s) = 1031*s - 63922. Determine r(62).
0
Let q(m) = -m**3 - 22*m**2 - 1157*m - 22342. Calculate q(-20).
-2
Let h(g) = g**3 + 73*g**2 + 43*g - 2148. Give h(-72).
-60
Let q(f) = -f**2 + 538*f - 2135. Determine q(4).
1
Let y(p) = -18*p**2 + 1023*p + 174. What is y(57)?
3
Let z(q) = 2*q - 113. Determine z(-13).
-139
Let k(q) = 89*q + 6748. Calculate k(-76).
-16
Let f(x) = -1785*x - 16049. What is f(-9)?
16
Let f(z) = z**3 + 5*z**2 + 10*z + 26. Give f(-4).
2
Let g(p) = 30*p - 249. Give g(7).
-39
Let c(d) = 2*d**3 - 4*d + 28. Calculate c(0).
28
Let x(v) = -471*v + 20732. What is x(44)?
8
Let y(q) = 4*q**2 - q - 100. Determine y(-10).
310
Let h(w) = -16*w + 232. What is h(5)?
152
Let b(t) = -t**2 + 25*t - 82. Calculate b(21).
2
Let o(q) = 961*q + 8580. Give o(-9).
-69
Let a(z) = 57*z - 62. Calculate a(1).
-5
Let w(p) = 83*p - 252. Give w(-6).
-750
Let n(b) = b**3 - 53*b**2 - 422*b + 117. Calculate n(60).
-3
Let s(v) = 20*v**2 + 1080*v - 28. Determine s(-54).
-28
Let c(b) = -34*b - 158. Calculate c(-4).
-22
Let n(i) = 4*i**3 + 38*i**2 + 24*i + 61. 